{"id":11,"date":"2021-03-09T08:39:07","date_gmt":"2021-03-09T11:39:07","guid":{"rendered":"http:\/\/fernandadepilacao.com.br\/portal\/?page_id=11"},"modified":"2021-03-10T19:14:57","modified_gmt":"2021-03-10T22:14:57","slug":"sobre","status":"publish","type":"page","link":"https:\/\/fernandadepilacao.com.br\/portal\/sobre\/","title":{"rendered":"Sobre"},"content":{"rendered":"\n<div class=\"wp-block-media-text alignwide is-stacked-on-mobile\"><figure class=\"wp-block-media-text__media\"><img loading=\"lazy\" width=\"841\" height=\"1024\" src=\"http:\/\/fernandadepilacao.com.br\/portal\/wp-content\/uploads\/2021\/03\/foto_sobre-841x1024.png\" alt=\"\" class=\"wp-image-89 size-full\" srcset=\"https:\/\/fernandadepilacao.com.br\/portal\/wp-content\/uploads\/2021\/03\/foto_sobre-841x1024.png 841w, https:\/\/fernandadepilacao.com.br\/portal\/wp-content\/uploads\/2021\/03\/foto_sobre-246x300.png 246w, https:\/\/fernandadepilacao.com.br\/portal\/wp-content\/uploads\/2021\/03\/foto_sobre-768x935.png 768w, https:\/\/fernandadepilacao.com.br\/portal\/wp-content\/uploads\/2021\/03\/foto_sobre.png 897w\" sizes=\"(max-width: 841px) 100vw, 841px\" \/><\/figure><div class=\"wp-block-media-text__content\">\n<p class=\"has-large-font-size\">Fernanda Job<\/p>\n\n\n\n<p>Profissional com mais de 10 anos de experi\u00eancia em est\u00e9tica. Especialista em depila\u00e7\u00e3o com cera quente (m\u00e9todo espanhol). Especialista em design de sobrancelhas e certificada em microblading.<\/p>\n\n\n\n<figure class=\"wp-block-image is-resized\"><a href=\"https:\/\/instagram.com\/fernanda_job\"><img loading=\"lazy\" src=\"https:\/\/upload.wikimedia.org\/wikipedia\/commons\/thumb\/e\/e7\/Instagram_logo_2016.svg\/1200px-Instagram_logo_2016.svg.png\" alt=\"File:Instagram logo 2016.svg - Wikipedia\" width=\"64\" height=\"64\"\/><\/a><\/figure>\n\n\n\n<p><\/p>\n<\/div><\/div>\n\n\n\n<p><a href=\"http:\/\/fernandadepilacao.com.br\/portal\/blog\/\">Clique aqui e d\u00ea uma olhada no meu blog!<\/a><\/p>\n","protected":false},"excerpt":{"rendered":"<p>Clique aqui e d\u00ea uma olhada no meu blog!<\/p>\n","protected":false},"author":1,"featured_media":89,"parent":0,"menu_order":0,"comment_status":"closed","ping_status":"closed","template":"","meta":[],"yoast_head":"<!-- This site is optimized with the Yoast SEO plugin v18.4.1 - https:\/\/yoast.com\/wordpress\/plugins\/seo\/ -->\n<title>Sobre Fernanda Job<\/title>\n<meta name=\"description\" content=\"Profissional com mais de 10 anos de experi\u00eancia em est\u00e9tica. Especialista em depila\u00e7\u00e3o com cera quente (m\u00e9todo espanhol). Especialista em design de sobrancelhas e certificada em microblading.\" \/>\n<meta name=\"robots\" content=\"index, follow, max-snippet:-1, max-image-preview:large, max-video-preview:-1\" \/>\n<link rel=\"canonical\" href=\"https:\/\/fernandadepilacao.com.br\/portal\/sobre\/\" \/>\n<meta property=\"og:locale\" content=\"pt_BR\" \/>\n<meta property=\"og:type\" content=\"article\" \/>\n<meta property=\"og:title\" content=\"Fernanda Job\" \/>\n<meta property=\"og:description\" content=\"Profissional com mais de 10 anos de experi\u00eancia em est\u00e9tica. Especialista em depila\u00e7\u00e3o com cera quente (m\u00e9todo espanhol). Especialista em design de sobrancelhas e certificada em microblading.\" \/>\n<meta property=\"og:url\" content=\"https:\/\/fernandadepilacao.com.br\/portal\/sobre\/\" \/>\n<meta property=\"og:site_name\" content=\"Fernanda Depila\u00e7\u00e3o\" \/>\n<meta property=\"article:publisher\" content=\"https:\/\/www.facebook.com\/ferjobdepilacao\" \/>\n<meta property=\"article:modified_time\" content=\"2021-03-10T22:14:57+00:00\" \/>\n<meta property=\"og:image\" content=\"https:\/\/fernandadepilacao.com.br\/portal\/wp-content\/uploads\/2021\/03\/foto_sobre.png\" \/>\n\t<meta property=\"og:image:width\" content=\"897\" \/>\n\t<meta property=\"og:image:height\" content=\"1092\" \/>\n\t<meta property=\"og:image:type\" content=\"image\/png\" \/>\n<meta name=\"twitter:card\" content=\"summary_large_image\" \/>\n<meta name=\"twitter:label1\" content=\"Est. tempo de leitura\" \/>\n\t<meta name=\"twitter:data1\" content=\"1 minuto\" \/>\n<script type=\"application\/ld+json\" class=\"yoast-schema-graph\">{\"@context\":\"https:\/\/schema.org\",\"@graph\":[{\"@type\":\"Organization\",\"@id\":\"https:\/\/fernandadepilacao.com.br\/portal\/#organization\",\"name\":\"Fernanda Depila\u00e7\u00e3o\",\"url\":\"https:\/\/fernandadepilacao.com.br\/portal\/\",\"sameAs\":[\"https:\/\/www.facebook.com\/ferjobdepilacao\",\"http:\/\/instagram.com\/fernanda_job\"],\"logo\":{\"@type\":\"ImageObject\",\"@id\":\"https:\/\/fernandadepilacao.com.br\/portal\/#logo\",\"inLanguage\":\"pt-BR\",\"url\":\"http:\/\/fernandadepilacao.com.br\/portal\/wp-content\/uploads\/2021\/03\/logo_fernanda.png\",\"contentUrl\":\"http:\/\/fernandadepilacao.com.br\/portal\/wp-content\/uploads\/2021\/03\/logo_fernanda.png\",\"width\":673,\"height\":688,\"caption\":\"Fernanda Depila\u00e7\u00e3o\"},\"image\":{\"@id\":\"https:\/\/fernandadepilacao.com.br\/portal\/#logo\"}},{\"@type\":\"WebSite\",\"@id\":\"https:\/\/fernandadepilacao.com.br\/portal\/#website\",\"url\":\"https:\/\/fernandadepilacao.com.br\/portal\/\",\"name\":\"Fernanda Depila\u00e7\u00e3o\",\"description\":\"\",\"publisher\":{\"@id\":\"https:\/\/fernandadepilacao.com.br\/portal\/#organization\"},\"potentialAction\":[{\"@type\":\"SearchAction\",\"target\":{\"@type\":\"EntryPoint\",\"urlTemplate\":\"https:\/\/fernandadepilacao.com.br\/portal\/?s={search_term_string}\"},\"query-input\":\"required name=search_term_string\"}],\"inLanguage\":\"pt-BR\"},{\"@type\":\"ImageObject\",\"@id\":\"https:\/\/fernandadepilacao.com.br\/portal\/sobre\/#primaryimage\",\"inLanguage\":\"pt-BR\",\"url\":\"https:\/\/fernandadepilacao.com.br\/portal\/wp-content\/uploads\/2021\/03\/foto_sobre.png\",\"contentUrl\":\"https:\/\/fernandadepilacao.com.br\/portal\/wp-content\/uploads\/2021\/03\/foto_sobre.png\",\"width\":897,\"height\":1092},{\"@type\":\"WebPage\",\"@id\":\"https:\/\/fernandadepilacao.com.br\/portal\/sobre\/#webpage\",\"url\":\"https:\/\/fernandadepilacao.com.br\/portal\/sobre\/\",\"name\":\"Sobre Fernanda Job\",\"isPartOf\":{\"@id\":\"https:\/\/fernandadepilacao.com.br\/portal\/#website\"},\"primaryImageOfPage\":{\"@id\":\"https:\/\/fernandadepilacao.com.br\/portal\/sobre\/#primaryimage\"},\"datePublished\":\"2021-03-09T11:39:07+00:00\",\"dateModified\":\"2021-03-10T22:14:57+00:00\",\"description\":\"Profissional com mais de 10 anos de experi\u00eancia em est\u00e9tica. Especialista em depila\u00e7\u00e3o com cera quente (m\u00e9todo espanhol). Especialista em design de sobrancelhas e certificada em microblading.\",\"breadcrumb\":{\"@id\":\"https:\/\/fernandadepilacao.com.br\/portal\/sobre\/#breadcrumb\"},\"inLanguage\":\"pt-BR\",\"potentialAction\":[{\"@type\":\"ReadAction\",\"target\":[\"https:\/\/fernandadepilacao.com.br\/portal\/sobre\/\"]}]},{\"@type\":\"BreadcrumbList\",\"@id\":\"https:\/\/fernandadepilacao.com.br\/portal\/sobre\/#breadcrumb\",\"itemListElement\":[{\"@type\":\"ListItem\",\"position\":1,\"name\":\"In\u00edcio\",\"item\":\"http:\/\/fernandadepilacao.com.br\/portal\/\"},{\"@type\":\"ListItem\",\"position\":2,\"name\":\"Sobre\"}]}]}<\/script>\n<!-- \/ Yoast SEO plugin. -->","yoast_head_json":{"title":"Sobre Fernanda Job","description":"Profissional com mais de 10 anos de experi\u00eancia em est\u00e9tica. Especialista em depila\u00e7\u00e3o com cera quente (m\u00e9todo espanhol). Especialista em design de sobrancelhas e certificada em microblading.","robots":{"index":"index","follow":"follow","max-snippet":"max-snippet:-1","max-image-preview":"max-image-preview:large","max-video-preview":"max-video-preview:-1"},"canonical":"https:\/\/fernandadepilacao.com.br\/portal\/sobre\/","og_locale":"pt_BR","og_type":"article","og_title":"Fernanda Job","og_description":"Profissional com mais de 10 anos de experi\u00eancia em est\u00e9tica. Especialista em depila\u00e7\u00e3o com cera quente (m\u00e9todo espanhol). Especialista em design de sobrancelhas e certificada em microblading.","og_url":"https:\/\/fernandadepilacao.com.br\/portal\/sobre\/","og_site_name":"Fernanda Depila\u00e7\u00e3o","article_publisher":"https:\/\/www.facebook.com\/ferjobdepilacao","article_modified_time":"2021-03-10T22:14:57+00:00","og_image":[{"width":897,"height":1092,"url":"https:\/\/fernandadepilacao.com.br\/portal\/wp-content\/uploads\/2021\/03\/foto_sobre.png","type":"image\/png"}],"twitter_card":"summary_large_image","twitter_misc":{"Est. tempo de leitura":"1 minuto"},"schema":{"@context":"https:\/\/schema.org","@graph":[{"@type":"Organization","@id":"https:\/\/fernandadepilacao.com.br\/portal\/#organization","name":"Fernanda Depila\u00e7\u00e3o","url":"https:\/\/fernandadepilacao.com.br\/portal\/","sameAs":["https:\/\/www.facebook.com\/ferjobdepilacao","http:\/\/instagram.com\/fernanda_job"],"logo":{"@type":"ImageObject","@id":"https:\/\/fernandadepilacao.com.br\/portal\/#logo","inLanguage":"pt-BR","url":"http:\/\/fernandadepilacao.com.br\/portal\/wp-content\/uploads\/2021\/03\/logo_fernanda.png","contentUrl":"http:\/\/fernandadepilacao.com.br\/portal\/wp-content\/uploads\/2021\/03\/logo_fernanda.png","width":673,"height":688,"caption":"Fernanda Depila\u00e7\u00e3o"},"image":{"@id":"https:\/\/fernandadepilacao.com.br\/portal\/#logo"}},{"@type":"WebSite","@id":"https:\/\/fernandadepilacao.com.br\/portal\/#website","url":"https:\/\/fernandadepilacao.com.br\/portal\/","name":"Fernanda Depila\u00e7\u00e3o","description":"","publisher":{"@id":"https:\/\/fernandadepilacao.com.br\/portal\/#organization"},"potentialAction":[{"@type":"SearchAction","target":{"@type":"EntryPoint","urlTemplate":"https:\/\/fernandadepilacao.com.br\/portal\/?s={search_term_string}"},"query-input":"required name=search_term_string"}],"inLanguage":"pt-BR"},{"@type":"ImageObject","@id":"https:\/\/fernandadepilacao.com.br\/portal\/sobre\/#primaryimage","inLanguage":"pt-BR","url":"https:\/\/fernandadepilacao.com.br\/portal\/wp-content\/uploads\/2021\/03\/foto_sobre.png","contentUrl":"https:\/\/fernandadepilacao.com.br\/portal\/wp-content\/uploads\/2021\/03\/foto_sobre.png","width":897,"height":1092},{"@type":"WebPage","@id":"https:\/\/fernandadepilacao.com.br\/portal\/sobre\/#webpage","url":"https:\/\/fernandadepilacao.com.br\/portal\/sobre\/","name":"Sobre Fernanda Job","isPartOf":{"@id":"https:\/\/fernandadepilacao.com.br\/portal\/#website"},"primaryImageOfPage":{"@id":"https:\/\/fernandadepilacao.com.br\/portal\/sobre\/#primaryimage"},"datePublished":"2021-03-09T11:39:07+00:00","dateModified":"2021-03-10T22:14:57+00:00","description":"Profissional com mais de 10 anos de experi\u00eancia em est\u00e9tica. Especialista em depila\u00e7\u00e3o com cera quente (m\u00e9todo espanhol). Especialista em design de sobrancelhas e certificada em microblading.","breadcrumb":{"@id":"https:\/\/fernandadepilacao.com.br\/portal\/sobre\/#breadcrumb"},"inLanguage":"pt-BR","potentialAction":[{"@type":"ReadAction","target":["https:\/\/fernandadepilacao.com.br\/portal\/sobre\/"]}]},{"@type":"BreadcrumbList","@id":"https:\/\/fernandadepilacao.com.br\/portal\/sobre\/#breadcrumb","itemListElement":[{"@type":"ListItem","position":1,"name":"In\u00edcio","item":"http:\/\/fernandadepilacao.com.br\/portal\/"},{"@type":"ListItem","position":2,"name":"Sobre"}]}]}},"uagb_featured_image_src":{"full":["https:\/\/fernandadepilacao.com.br\/portal\/wp-content\/uploads\/2021\/03\/foto_sobre.png",897,1092,false],"thumbnail":["https:\/\/fernandadepilacao.com.br\/portal\/wp-content\/uploads\/2021\/03\/foto_sobre-150x150.png",150,150,true],"medium":["https:\/\/fernandadepilacao.com.br\/portal\/wp-content\/uploads\/2021\/03\/foto_sobre-246x300.png",246,300,true],"medium_large":["https:\/\/fernandadepilacao.com.br\/portal\/wp-content\/uploads\/2021\/03\/foto_sobre-768x935.png",768,935,true],"large":["https:\/\/fernandadepilacao.com.br\/portal\/wp-content\/uploads\/2021\/03\/foto_sobre-841x1024.png",841,1024,true],"1536x1536":["https:\/\/fernandadepilacao.com.br\/portal\/wp-content\/uploads\/2021\/03\/foto_sobre.png",897,1092,false],"2048x2048":["https:\/\/fernandadepilacao.com.br\/portal\/wp-content\/uploads\/2021\/03\/foto_sobre.png",897,1092,false]},"uagb_author_info":{"display_name":"fernandajob","author_link":"https:\/\/fernandadepilacao.com.br\/portal\/author\/fernandajob\/"},"uagb_comment_info":0,"uagb_excerpt":"Clique aqui e d\u00ea uma olhada no meu blog!","_links":{"self":[{"href":"https:\/\/fernandadepilacao.com.br\/portal\/wp-json\/wp\/v2\/pages\/11"}],"collection":[{"href":"https:\/\/fernandadepilacao.com.br\/portal\/wp-json\/wp\/v2\/pages"}],"about":[{"href":"https:\/\/fernandadepilacao.com.br\/portal\/wp-json\/wp\/v2\/types\/page"}],"author":[{"embeddable":true,"href":"https:\/\/fernandadepilacao.com.br\/portal\/wp-json\/wp\/v2\/users\/1"}],"replies":[{"embeddable":true,"href":"https:\/\/fernandadepilacao.com.br\/portal\/wp-json\/wp\/v2\/comments?post=11"}],"version-history":[{"count":5,"href":"https:\/\/fernandadepilacao.com.br\/portal\/wp-json\/wp\/v2\/pages\/11\/revisions"}],"predecessor-version":[{"id":97,"href":"https:\/\/fernandadepilacao.com.br\/portal\/wp-json\/wp\/v2\/pages\/11\/revisions\/97"}],"wp:featuredmedia":[{"embeddable":true,"href":"https:\/\/fernandadepilacao.com.br\/portal\/wp-json\/wp\/v2\/media\/89"}],"wp:attachment":[{"href":"https:\/\/fernandadepilacao.com.br\/portal\/wp-json\/wp\/v2\/media?parent=11"}],"curies":[{"name":"wp","href":"https:\/\/api.w.org\/{rel}","templated":true}]}}

<div class="wp-block-media-text alignwide is-stacked-on-mobile"><figure class="wp-block-media-text__media"><img loading="lazy" width="841" height="1024" src="http://fernandadepilacao.com.br/portal/wp-content/uploads/2021/03/foto_sobre-841x1024.png" alt="" class="wp-image-89 size-full" srcset="https://fernandadepilacao.com.br/portal/wp-content/uploads/2021/03/foto_sobre-841x1024.png 841w, https://fernandadepilacao.com.br/portal/wp-content/uploads/2021/03/foto_sobre-246x300.png 246w, https://fernandadepilacao.com.br/portal/wp-content/uploads/2021/03/foto_sobre-768x935.png 768w, https://fernandadepilacao.com.br/portal/wp-content/uploads/2021/03/foto_sobre.png 897w" sizes="(max-width: 841px) 100vw, 841px" /></figure><div class="wp-block-media-text__content">
<p class="has-large-font-size">Fernanda Job</p>



<p>Profissional com mais de 10 anos de experiência em estética. Especialista em depilação com cera quente (método espanhol). Especialista em design de sobrancelhas e certificada em microblading.</p>



<figure class="wp-block-image is-resized"><a href="https://instagram.com/fernanda_job"><img loading="lazy" src="https://upload.wikimedia.org/wikipedia/commons/thumb/e/e7/Instagram_logo_2016.svg/1200px-Instagram_logo_2016.svg.png" alt="File:Instagram logo 2016.svg - Wikipedia" width="64" height="64"/></a></figure>



<p></p>
</div></div>



<p><a href="http://fernandadepilacao.com.br/portal/blog/">Clique aqui e dê uma olhada no meu blog!</a></p>

<p>Clique aqui e dê uma olhada no meu blog!</p>

<!-- This site is optimized with the Yoast SEO plugin v18.4.1 - https://yoast.com/wordpress/plugins/seo/ -->
<title>Sobre Fernanda Job</title>
<meta name="description" content="Profissional com mais de 10 anos de experiência em estética. Especialista em depilação com cera quente (método espanhol). Especialista em design de sobrancelhas e certificada em microblading." />
<meta name="robots" content="index, follow, max-snippet:-1, max-image-preview:large, max-video-preview:-1" />
<link rel="canonical" href="https://fernandadepilacao.com.br/portal/sobre/" />
<meta property="og:locale" content="pt_BR" />
<meta property="og:type" content="article" />
<meta property="og:title" content="Fernanda Job" />
<meta property="og:description" content="Profissional com mais de 10 anos de experiência em estética. Especialista em depilação com cera quente (método espanhol). Especialista em design de sobrancelhas e certificada em microblading." />
<meta property="og:url" content="https://fernandadepilacao.com.br/portal/sobre/" />
<meta property="og:site_name" content="Fernanda Depilação" />
<meta property="article:publisher" content="https://www.facebook.com/ferjobdepilacao" />
<meta property="article:modified_time" content="2021-03-10T22:14:57+00:00" />
<meta property="og:image" content="https://fernandadepilacao.com.br/portal/wp-content/uploads/2021/03/foto_sobre.png" />
	<meta property="og:image:width" content="897" />
	<meta property="og:image:height" content="1092" />
	<meta property="og:image:type" content="image/png" />
<meta name="twitter:card" content="summary_large_image" />
<meta name="twitter:label1" content="Est. tempo de leitura" />
	<meta name="twitter:data1" content="1 minuto" />
<script type="application/ld+json" class="yoast-schema-graph">{"@context":"https://schema.org","@graph":[{"@type":"Organization","@id":"https://fernandadepilacao.com.br/portal/#organization","name":"Fernanda Depilação","url":"https://fernandadepilacao.com.br/portal/","sameAs":["https://www.facebook.com/ferjobdepilacao","http://instagram.com/fernanda_job"],"logo":{"@type":"ImageObject","@id":"https://fernandadepilacao.com.br/portal/#logo","inLanguage":"pt-BR","url":"http://fernandadepilacao.com.br/portal/wp-content/uploads/2021/03/logo_fernanda.png","contentUrl":"http://fernandadepilacao.com.br/portal/wp-content/uploads/2021/03/logo_fernanda.png","width":673,"height":688,"caption":"Fernanda Depilação"},"image":{"@id":"https://fernandadepilacao.com.br/portal/#logo"}},{"@type":"WebSite","@id":"https://fernandadepilacao.com.br/portal/#website","url":"https://fernandadepilacao.com.br/portal/","name":"Fernanda Depilação","description":"","publisher":{"@id":"https://fernandadepilacao.com.br/portal/#organization"},"potentialAction":[{"@type":"SearchAction","target":{"@type":"EntryPoint","urlTemplate":"https://fernandadepilacao.com.br/portal/?s={search_term_string}"},"query-input":"required name=search_term_string"}],"inLanguage":"pt-BR"},{"@type":"ImageObject","@id":"https://fernandadepilacao.com.br/portal/sobre/#primaryimage","inLanguage":"pt-BR","url":"https://fernandadepilacao.com.br/portal/wp-content/uploads/2021/03/foto_sobre.png","contentUrl":"https://fernandadepilacao.com.br/portal/wp-content/uploads/2021/03/foto_sobre.png","width":897,"height":1092},{"@type":"WebPage","@id":"https://fernandadepilacao.com.br/portal/sobre/#webpage","url":"https://fernandadepilacao.com.br/portal/sobre/","name":"Sobre Fernanda Job","isPartOf":{"@id":"https://fernandadepilacao.com.br/portal/#website"},"primaryImageOfPage":{"@id":"https://fernandadepilacao.com.br/portal/sobre/#primaryimage"},"datePublished":"2021-03-09T11:39:07+00:00","dateModified":"2021-03-10T22:14:57+00:00","description":"Profissional com mais de 10 anos de experiência em estética. Especialista em depilação com cera quente (método espanhol). Especialista em design de sobrancelhas e certificada em microblading.","breadcrumb":{"@id":"https://fernandadepilacao.com.br/portal/sobre/#breadcrumb"},"inLanguage":"pt-BR","potentialAction":[{"@type":"ReadAction","target":["https://fernandadepilacao.com.br/portal/sobre/"]}]},{"@type":"BreadcrumbList","@id":"https://fernandadepilacao.com.br/portal/sobre/#breadcrumb","itemListElement":[{"@type":"ListItem","position":1,"name":"Início","item":"http://fernandadepilacao.com.br/portal/"},{"@type":"ListItem","position":2,"name":"Sobre"}]}]}</script>
<!-- / Yoast SEO plugin. -->

Profissional com mais de 10 anos de experiência em estética. Especialista em depilação com cera quente (método espanhol). Especialista em design de sobrancelhas e certificada em microblading.

Fernanda Depilação

Início

Clique aqui e dê uma olhada no meu blog!
